t common divisor of 143 and 407?
11
Calculate the highest common factor of 41 and 2.
1
Calculate the highest common divisor of 1533 and 42.
21
Calculate the highest common factor of 216 and 168.
24
Calculate the greatest common divisor of 546 and 598.
26
Calculate the highest common factor of 3420 and 6460.
380
What is the highest common divisor of 71 and 1917?
71
What is the highest common factor of 8 and 40?
8
Calculate the greatest common divisor of 288 and 728.
8
What is the greatest common divisor of 77 and 33?
11
Calculate the greatest common factor of 35 and 161.
7
Calculate the highest common divisor of 90 and 234.
18
What is the greatest common divisor of 19 and 893?
19
Calculate the highest common divisor of 228 and 1992.
12
What is the greatest common factor of 240 and 690?
30
What is the greatest common divisor of 45 and 927?
9
Calculate the greatest common divisor of 39 and 299.
13
What is the highest common divisor of 1216 and 760?
152
What is the greatest common factor of 332 and 581?
83
Calculate the greatest common factor of 13 and 34073.
13
Calculate the greatest common divisor of 217 and 403.
31
What is the greatest common divisor of 12 and 3912?
12
Calculate the highest common factor of 814 and 22.
22
What is the highest common divisor of 506 and 11?
11
What is the greatest common divisor of 675 and 150?
75
Calculate the greatest common factor of 357 and 336.
21
Calculate the highest common factor of 18 and 3258.
18
What is the greatest common factor of 90 and 50?
10
Calculate the greatest common factor of 4161 and 19.
19
What is the greatest common divisor of 63 and 3507?
21
Calculate the greatest common divisor of 66 and 264.
66
What is the highest common divisor of 5271 and 63?
21
What is the highest common factor of 2 and 8?
2
What is the highest common factor of 50 and 70?
10
Calculate the highest common factor of 375 and 9.
3
Calculate the highest common divisor of 215 and 1204.
43
What is the highest common factor of 19 and 95?
19
What is the highest common divisor of 138 and 184?
46
Calculate the highest common factor of 3618 and 108.
54
Calculate the greatest common factor of 37 and 3737.
37
What is the highest common factor of 20 and 64?
4
What is the greatest common divisor of 82815 and 15?
15
Calculate the greatest common factor of 143 and 5291.
143
Calculate the highest common factor of 44 and 36.
4
What is the greatest common divisor of 1254 and 57?
57
What is the highest common divisor of 1 and 37?
1
What is the highest common factor of 28 and 7?
7
Calculate the greatest common factor of 26 and 598.
26
What is the greatest common divisor of 95 and 31483?
19
What is the greatest common factor of 8 and 1304?
8
Calculate the highest common factor of 210 and 42.
42
What is the highest common factor of 54 and 36?
18
What is the highest common factor of 12 and 44?
4
Calculate the highest common divisor of 5561 and 201.
67
What is the greatest common factor of 920 and 45?
5
What is the greatest common factor of 32 and 136?
8
What is the highest common divisor of 324 and 288?
36
What is the highest common factor of 156 and 1572?
12
Calculate the highest common factor of 60 and 36.
12
Calculate the greatest common factor of 1786 and 152.
38
Calculate the greatest common divisor of 160 and 416.
32
What is the highest common factor of 6 and 456?
6
What is the greatest common divisor of 240 and 75?
15
Calculate the greatest common factor of 575 and 46.
23
Calculate the highest common divisor of 38939 and 92.
23
What is the highest common factor of 248 and 155?
31
Calculate the greatest common divisor of 21 and 17367.
21
What is the greatest common divisor of 207 and 1587?
69
Calculate the greatest common factor of 24 and 324.
12
What is the greatest common divisor of 1089 and 36?
9
What is the highest common factor of 69 and 3?
3
Calculate the greatest common divisor of 803 and 66.
11
What is the greatest common factor of 9450 and 35?
35
What is the highest common divisor of 91 and 28?
7
Calculate the greatest common factor of 403 and 4.
1
Calculate the greatest common factor of 9228 and 24.
12
What is the highest common divisor of 520 and 18980?
260
Calculate the greatest common divisor of 210 and 21.
21
Calculate the highest common factor of 133 and 114.
19
What is the highest common factor of 42 and 903?
21
Calculate the highest common factor of 153 and 198.
9
What is the greatest common divisor of 416 and 78?
26
Calculate the greatest common factor of 494 and 38.
38
What is the highest common divisor of 640 and 8?
8
What is the greatest common factor of 9691 and 11?
11
Calculate the greatest common divisor of 36 and 168.
12
Calculate the greatest common factor of 70 and 190.
10
What is the greatest common divisor of 63 and 91?
7
What is the greatest common divisor of 77 and 2233?
77
Calculate the highest common factor of 4199 and 741.
247
Calculate the greatest common factor of 110 and 1001.
11
What is the greatest common factor of 3 and 19?
1
Calculate the greatest common divisor of 525 and 273.
21
Calculate the greatest common divisor of 2812 and 444.
148
What is the greatest common divisor of 72 and 22056?
24
What is the greatest common factor of 7 and 3353?
7
Calculate the highest common divisor of 135 and 135.
135
Calculate the highest common divisor of 160 and 1250.
10
What is the highest common factor of 10425 and 30?
15
Calculate the highest common divisor of 3345 and 150.
15
What is the highest common divisor of 16343 and 59?
59
Calculate the greatest common divisor of 44 and 77.
11
What is the highest common divisor of 759 and 276?
69
Calculate the highest common divisor of 234 and 99.
9
Calculate the highest common divisor of 622 and 4.
2
What is the greatest common divisor of 1239 and 1357?
59
Calculate the highest common divisor of 9 and 2763.
9
What is the highest common divisor of 10 and 890?
10
What is the highest common factor of 6392 and 136?
136
Calculate the greatest common factor of 1 and 223.
1
What is the highest common divisor of 37 and 22?
1
Calculate the greatest common factor of 400 and 16.
16
What is the greatest common divisor of 42 and 448?
14
What is the highest common divisor of 275 and 1675?
25
Calculate the highest common divisor of 156 and 260.
52
What is the highest common factor of 308 and 6083?
77
What is the greatest common divisor of 28 and 6300?
28
What is the greatest common divisor of 3250 and 91?
13
What is the highest common factor of 2555 and 35?
35
What is the greatest common divisor of 175 and 275?
25
What is the highest common divisor of 144 and 32496?
48
Calculate the highest common divisor of 33 and 418.
11
What is the greatest common divisor of 6903 and 45?
9
What is the greatest common divisor of 16663 and 57?
19
Calculate the highest common divisor of 35659 and 13.
13
What is the greatest common divisor of 20 and 3?
1
What is the greatest common factor of 8985 and 15?
15
What is the highest common factor of 303 and 2222?
101
What is the highest common divisor of 170 and 10?
10
What is the highest common divisor of 1309 and 11?
11
Calculate the greatest common factor of 187 and 68.
17
Calculate the highest common factor of 56 and 812.
28
What is the highest common divisor of 893 and 47?
47
What is the highest common divisor of 7 and 119?
7
Calculate the greatest common divisor of 3766 and 14.
14
Calculate the greatest common factor of 1271 and 123.
41
What is the highest common factor of 73865 and 110?
55
What is the greatest common divisor of 809 and 1?
1
What is the highest common factor of 128 and 88?
8
Calculate the highest common factor of 30 and 96.
6
Calculate the highest common factor of 611 and 39.
13
What is the highest common factor of 132 and 1020?
12
Calculate the greatest common factor of 12 and 1356.
12
What is the highest common factor of 1428 and 108?
12
Calculate the greatest common divisor of 456 and 24.
24
What is the highest common factor of 1921 and 119?
17
Calculate the highest common factor of 2715 and 15.
15
Calculate the greatest common factor of 1111 and 209.
11
Calculate the greatest common factor of 7168 and 28.
28
Calculate the highest common divisor of 576 and 9088.
64
What is the highest common factor of 25902 and 18?
18
Calcula